**4/12 + 5*i**3/6 + 7*i**2/2 + 2*i. List the prime factors of k(-6).
13
Let l(z) = -29*z + 8. Let g be (9/(-6))/(3/8). What are the prime factors of l(g)?
2, 31
Let r(t) = -t**3 - 14*t**2 + 11*t - 20. Let d be r(-15). Let c = d + -29. What are the prime factors of c?
11
Suppose 0 = t - 4*s - 80, -3*t - 3*s - 9 = -309. Let c = 210 - t. List the prime factors of c.
2, 3, 19
Let f = 22 + -6. Let b = f + 62. Let s = -4 + b. What are the prime factors of s?
2, 37
Let r be 4/(12 + -4)*2. Let h be 222/14 - r/(-7). Let p(k) = -k**2 + 19*k + 6. List the prime factors of p(h).
2, 3
Suppose 0 = -w + 6*w + 1275. Let a = -120 - w. Let g = a + -77. What are the prime factors of g?
2, 29
Let l(i) = -i**3 + i**2 - 10*i - 2. Let o = -94 + 89. List the prime factors of l(o).
2, 3, 11
Let k = -36 + 35. What are the prime factors of k - 0 - -2*(-81)/(-6)?
2, 13
Let l be 3/(1/1)*-1. Let y = 2 + l. What are the prime factors of y*1/(-2)*4?
2
Suppose -3610 = -22*r - 16*r. List the prime factors of r.
5, 19
Suppose 2 = 2*m - 4. Suppose 5*c - 144 = m*c. Suppose -4*g + 52 = -c. What are the prime factors of g?
31
Suppose 45*r - 43*r = 1870. What are the prime factors of r?
5, 11, 17
Suppose 4*c - 13 = -5*q + 9, -14 = -4*q - 2*c. Suppose -118 = -q*g + 334. List the prime factors of g.
2, 113
Let q(x) = -x - 9. Let s be q(-10). Suppose -74 = -0*i - 2*i - 4*k, 0 = -k + s. List the prime factors of i.
5, 7
Suppose -b + 1 = -0*b, -3*b - 7 = 5*x. Let o = x - -8. What are the prime factors of 184/o - 4/6?
2, 3, 5
Suppose -5*v = 5 - 15. Suppose -v*x - 9 = 111. Let i = -35 - x. What are the prime factors of i?
5
Let w(q) = 2*q - 3. Let s(x) = x - 1. Let j(r) = -4*s(r) + w(r). Let m be j(-1). List the prime factors of 3 + (-1 - m) - -13.
2, 3
What are the prime factors of 414 - (3 + 1) - 7?
13, 31
Let x = 43 + -39. What are the prime factors of (214/x)/(4/8)?
107
Suppose 5*v = -0*v - 100. Let q be ((-24)/v)/(6/20). Suppose -q*y = -6 - 6. What are the prime factors of y?
3
Let k(i) = 32 + 6 - 9*i - i. What are the prime factors of k(-15)?
2, 47
Suppose -32 = 6*v - 44. Suppose v*c = -4*c + 1158. List the prime factors of c.
193
Let b = -20 + 32. Let t = 12 - b. Suppose 5*m + 4*p - 62 - 47 = t, -m + p = -29. What are the prime factors of m?
5
Suppose -16602 = -5*a - 4102. Suppose 956 - a = -5*t - 3*b, -2*b - 1529 = -5*t. What are the prime factors of t?
307
List the prime factors of (15 + 36)*(3 + -2).
3, 17
Let t be 15/9 + (-5)/(-15). Let y(s) = 9*s**2 + 3*s + 11 - s**3 - 2 + 3*s**t - 12*s. List the prime factors of y(11).
31
Let x be 6/(-27) - 119/(-9). Suppose 4*k - 5*p = x, 4*k - 8 = 5*p - p. List the prime factors of -4 - (k + (3 - 17)).
13
Let q = 95 - 44. List the prime factors of (q/(-2))/((-42)/112).
2, 17
Let v = -3 - -7. Let j(g) = -4 - 9*g - 1 + 3*g - v*g + g**2. List the prime factors of j(11).
2, 3
Suppose -3*f - f = -4, 5*f - 133 = -2*n. Let k = n + -53. What are the prime factors of k?
11
Let f = -6 - -8. Suppose -9 = -f*p - 1. Suppose -5*g - 2*x + 100 = 3*x, p*g - 79 = -3*x. What are the prime factors of g?
19
Suppose 0 = -4*p - 2*a + 3094, -4*a - 3448 = -3*p - 1100. List the prime factors of p.
2, 97
Suppose m - 615 = -j, -4*m + 2*j = 7*j - 2455. List the prime factors of m.
2, 5, 31
Suppose 25*l = 22*l + 312. Let f = l + -45. What are the prime factors of f?
59
Let r = 1364 + 2034. What are the prime factors of r?
2, 1699
Let l be 15/(-25) + 276/10. Let b be l + 1/(0 + 1). Let j = b + -9. List the prime factors of j.
19
Suppose 4*a - 20 = 4*d, -3*a - d = a - 15. Let u be -1 - (4 - a) - 87. Let y = 136 + u. What are the prime factors of y?
2, 3
Suppose -3*r = -396 - 606. List the prime factors of r.
2, 167
Let i be ((-1)/2)/(2/12). Let u(b) be the third derivative of -b**6/120 - b**5/30 + b**4/24 - b**3/6 - 2*b**2. List the prime factors of u(i).
5
Let g = -137 + 346. List the prime factors of g.
11, 19
Let k = 17 - 13. Suppose 8 = k*d, -4*d = i + d - 21. What are the prime factors of i?
11
Let c(d) = -2*d**3 - 4*d**2 - 3*d - 2. Let t = -13 - -11. Let s be c(t). Suppose 5 = 5*w, w = -3*f - s*w + 122. What are the prime factors of f?
3, 13
Let o(i) = 16*i - 14. List the prime factors of o(24).
2, 5, 37
Let c(v) = 20*v - 3. Let a = -19 + 21. What are the prime factors of c(a)?
37
Let p(t) = 3*t**2 + 7*t + 3. Suppose 3*i = -2*q + 7 + 2, 2*i = 3*q + 19. What are the prime factors of p(i)?
113
Let z be (-2)/(-8) - 13/4. Suppose 10*j = 3*j + 105. List the prime factors of (-5)/(z*j/18).
2
Let d = 144 + -44. Suppose -5 = -2*l + l, 5*w + l + d = 0. Let b = 60 - w. What are the prime factors of b?
3
Let r(f) = -f - 15. Let w be r(14). Let t = 27 + w. What are the prime factors of ((-18)/4*t)/1?
3
Let k = 45 + -40. Suppose 4*a - 220 = -5*l, l = k*l. What are the prime factors of a?
5, 11
Let s(h) = 1. Let q(k) = -k**2 - 2*k - 4. Let u(b) = -q(b) - 5*s(b). Let d be u(1). Suppose 0 = -d*t + 10 - 2. List the prime factors of t.
2
Let t(c) = -c**2 + 4*c. Let r be t(3). Suppose -5*w + 2*h = 7, -r*h = -4*w - 5 - 2. What are the prime factors of 0 + 0 + w + 33?
2
Suppose -5*m = 2*z - 2356, 14*z = 13*z + 5*m + 1148. List the prime factors of z.
2, 73
Let o(p) = -p**2 + p + 8. Let i be o(4). List the prime factors of -4 + (19 - (-4 - i)).
3, 5
Let x be 3/(-2) - 3825/30. Let v = 274 + x. List the prime factors of v.
5, 29
What are the prime factors of (-2 - (1 - -48))*(-24)/36?
2, 17
Suppose 28 + 41 = v. Suppose -v = -4*z + 179. List the prime factors of z.
2, 31
Let g be (4 - (-4)/4) + -1. Suppose -5*q - 18 = -3*x, g*x + 8 = -4*q - 0. Let v(d) = 6*d**2 + 3*d - 1. What are the prime factors of v(q)?
2, 11
Let j(b) = -b**3 - 2*b**2 - 3*b + 4. Let x be j(-3). Suppose 7*l = -55 - x. List the prime factors of 1*(-2 - 0 - l).
3
Let f(u) = -16*u - 3. Suppose -2*j - 51 = -5*v, -j + 5*v = 3 + 20. Let p be 8/j + (-24)/14. What are the prime factors of f(p)?
29
Let d(b) = b**3 + 29*b**2 - 26*b - 84. List the prime factors of d(-21).
2, 3, 5, 7, 19
Suppose 76364 = 70*h - 89256. What are the prime factors of h?
2, 7, 13
List the prime factors of (2/56 + 10/(-35))*-116.
29
Let l = 1140 - 754. What are the prime factors of l?
2, 193
Suppose -3*a + 8336 = -5*t, -144*a = -148*a - 4*t + 11072. What are the prime factors of a?
2, 3, 7, 11
Let h be (-29)/(-2) - 10/(-20). Suppose -5*n + 16 = -3*x, 4*x - h = -x. Suppose -k - 50 = -u, 93 = 3*u - u + n*k. List the prime factors of u.
7
Suppose -7*u - 24 = -3. What are the prime factors of 47*u/(-12)*4?
47
List the prime factors of 6958/4 + 4 + (-15)/6.
1741
Suppose -5*h = 5*f - 5730, -5*h = 4*f + 438 - 6168. List the prime factors of h.
2, 3, 191
Let t be 1/(((-3)/119)/3). Suppose 0 = 5*c - 7*c + 342. Let n = t + c. List the prime factors of n.
2, 13
Let c(r) = -r**2 - 7*r + 564. What are the prime factors of c(0)?
2, 3, 47
What are the prime factors of -677*-1*(0 - -1)?
677
Let f = 426 - -362. What are the prime factors of f?
2, 197
Suppose -1488 - 17272 = -20*s. List the prime factors of s.
2, 7, 67
Let h be (-2)/(-2) + (-10)/(-10). Let v(z) = 4*z**2 - 197*z - z**3 + 190*z + 5*z**h - 1. What are the prime factors of v(7)?
2, 3
Suppose -395 - 895 = -3*o + 4*f, f = 3. What are the prime factors of o?
2, 7, 31
Let z = -11 - -11. Suppose z = -3*n - 76 + 259. What are the prime factors of n?
61
Suppose -43 - 102 = -5*p. Let c = p - -16. What are the prime factors of c?
3, 5
What are the prime factors of 7/42*40*(-198)/(-5)?
2, 3, 11
Suppose -2762 = -5*z - 4*m, 9*z = 5*z + 5*m + 2185. What are the prime factors of z?
2, 5, 11
Let m(t) = -4*t + 22. Let s be m(-6). Let i = s - 18. What are the prime factors of i?
2, 7
Suppose 0 = 3*q - 4 + 19. Let m be 45/(-12) + q/20. List the prime factors of (-4)/(m/40*2).
2, 5
List the prime factors of ((-18)/(-15))/(20/450).
3
Let m(d) = -29*d - 5. Let y be m(-3). Let g(a) = -101 - 6*a - a + y. List the prime factors of g(-8).
37
Let h(b) be the first derivative of 27*b**2 + 3*b - 11. What are the prime factors of h(1)?
3, 19
Let a(m) = -m + 3. Let d be a(1). Suppose -5*r + 3*i = -i - 9, -5*r + 5 = -5*i. Suppose r*y + 0*y - 11 = d*s, 5*y - 9 = 3*s. What are the prime factors of y?
3
Let v be 55 + 0 - (2 - 5). Suppose -2*y - 4*a = -16, -5*y + 0*a + v = a. Suppose y = d + d. What are the prime factors of d?
2, 3
Suppose 